{"id":247,"date":"2018-02-15T21:25:56","date_gmt":"2018-02-15T21:25:56","guid":{"rendered":"http:\/\/windroesli.ch\/wordp\/?page_id=247"},"modified":"2026-04-12T23:20:32","modified_gmt":"2026-04-12T21:20:32","slug":"apv-anlaesse","status":"publish","type":"page","link":"https:\/\/windroesli.ch\/wordp\/?page_id=247","title":{"rendered":"APV Anl\u00e4sse"},"content":{"rendered":"\n<p>Im Jahre <strong>2026<\/strong> sind folgende Anl\u00e4sse geplant:<\/p>\n\n\n\n<figure class=\"wp-block-table is-style-stripes\"><table><tbody><tr><td><img loading=\"lazy\" decoding=\"async\" width=\"170\" height=\"121\" class=\"aligncenter wp-image-974\" src=\"https:\/\/windroesli.ch\/wordp\/wp-content\/uploads\/2020\/05\/zunft-300x214.png\" alt=\"\" srcset=\"https:\/\/windroesli.ch\/wordp\/wp-content\/uploads\/2020\/05\/zunft-300x214.png 300w, https:\/\/windroesli.ch\/wordp\/wp-content\/uploads\/2020\/05\/zunft-360x257.png 360w, https:\/\/windroesli.ch\/wordp\/wp-content\/uploads\/2020\/05\/zunft.png 387w\" sizes=\"auto, (max-width: 170px) 100vw, 170px\" \/><\/td><td><span style=\"color: #000000;\"><strong>APV-Stamm 2026<\/strong><\/span><br>Samstag, 14. M\u00e4rz<br>Samstag, 11. April<br>Samstag, 09. Mai<br>Samstag, 13. Juni<br>Samstag, 11. Juli<br>Samstag, 08. August<br>Samstag, 12. September<br>Samstag, 10. Oktober<br>Samstag, 14. November<br>Samstag, 12. Dezember<br>Samstag, 16. Januar 2027<br>Samstag, 13. Februar 2027<\/td><\/tr><tr><td><\/td><td><strong>Windr\u00f6sli Leitendenvesammlung<\/strong><br>Freitag, 27. M\u00e4rz 2026<\/td><\/tr><tr><td><img loading=\"lazy\" decoding=\"async\" class=\"aligncenter wp-image-296\" src=\"http:\/\/windroesli.ch\/wordp\/wp-content\/uploads\/2018\/02\/20170426_183647-150x150.jpg\" alt=\"\" width=\"170\" height=\"170\" srcset=\"https:\/\/windroesli.ch\/wordp\/wp-content\/uploads\/2018\/02\/20170426_183647-150x150.jpg 150w, https:\/\/windroesli.ch\/wordp\/wp-content\/uploads\/2018\/02\/20170426_183647-100x100.jpg 100w\" sizes=\"auto, (max-width: 170px) 100vw, 170px\" \/><\/td><td><span style=\"color: #000000;\"><strong>Hauptversammlung<\/strong>\u00a0 <\/span><br>Dienstag, 20. Mai 2026<br><span style=\"color: #000000;\">\u00a0<\/span><\/td><\/tr><tr><td><img loading=\"lazy\" decoding=\"async\" width=\"170\" height=\"96\" class=\"aligncenter wp-image-294\" src=\"http:\/\/windroesli.ch\/wordp\/wp-content\/uploads\/2018\/02\/20150710_194959-150x150.jpg\" alt=\"\" srcset=\"https:\/\/windroesli.ch\/wordp\/wp-content\/uploads\/2018\/02\/20150710_194959-300x169.jpg 300w, https:\/\/windroesli.ch\/wordp\/wp-content\/uploads\/2018\/02\/20150710_194959-768x432.jpg 768w, https:\/\/windroesli.ch\/wordp\/wp-content\/uploads\/2018\/02\/20150710_194959-1024x576.jpg 1024w\" sizes=\"auto, (max-width: 170px) 100vw, 170px\" \/><\/td><td><strong>Aareschw\u00fcmme<\/strong><br>Freitag, 26. Juni 2026<\/td><\/tr><tr><td><img loading=\"lazy\" decoding=\"async\" class=\"aligncenter wp-image-396\" src=\"http:\/\/windroesli.ch\/wordp\/wp-content\/uploads\/2018\/02\/DSC3705-150x150.jpg\" alt=\"\" width=\"170\" height=\"113\" srcset=\"https:\/\/windroesli.ch\/wordp\/wp-content\/uploads\/2018\/02\/DSC3705-300x199.jpg 300w, https:\/\/windroesli.ch\/wordp\/wp-content\/uploads\/2018\/02\/DSC3705-768x510.jpg 768w, https:\/\/windroesli.ch\/wordp\/wp-content\/uploads\/2018\/02\/DSC3705-1024x680.jpg 1024w, https:\/\/windroesli.ch\/wordp\/wp-content\/uploads\/2018\/02\/DSC3705-360x239.jpg 360w\" sizes=\"auto, (max-width: 170px) 100vw, 170px\" \/><\/td><td><strong>Lagerf\u00fc\u00fcr<\/strong> Im Br\u00e4mer, beim Glasbrunnen<br>Freitag, 01. Mai 2026<br><strong>Lagerf\u00fc\u00fcr<\/strong> auf der Grasburg<br>Freitag, 18. September 2026<br><\/td><\/tr><tr><td>&nbsp;<\/td><td><span style=\"color: #000000;\"><span style=\"color: #000000;\"><strong>Windr\u00f6sli Abschied- und Erinnerungs Gottesdienst <\/strong><\/span><\/span><br>Freitag 30. Oktober 2026<\/td><\/tr><tr><td><span style=\"color: #000000;\"><img loading=\"lazy\" decoding=\"async\" class=\"aligncenter wp-image-298\" src=\"http:\/\/windroesli.ch\/wordp\/wp-content\/uploads\/2018\/02\/P1010505-150x150.jpg\" alt=\"\" width=\"170\" height=\"128\" srcset=\"https:\/\/windroesli.ch\/wordp\/wp-content\/uploads\/2018\/02\/P1010505-300x225.jpg 300w, https:\/\/windroesli.ch\/wordp\/wp-content\/uploads\/2018\/02\/P1010505-768x576.jpg 768w, https:\/\/windroesli.ch\/wordp\/wp-content\/uploads\/2018\/02\/P1010505-1024x768.jpg 1024w\" sizes=\"auto, (max-width: 170px) 100vw, 170px\" \/><\/span><\/td><td><span style=\"color: #000000;\"><span style=\"color: #000000;\"><strong>Fondue<\/strong><\/span><\/span><br>Samstag, 21. November 2026<\/td><\/tr><\/tbody><\/table><\/figure>\n","protected":false},"excerpt":{"rendered":"<p>Im Jahre 2026 sind folgende Anl\u00e4sse geplant: APV-Stamm 2026Samstag, 14. M\u00e4rzSamstag, 11. AprilSamstag, 09. MaiSamstag, 13. JuniSamstag, 11. JuliSamstag, 08. AugustSamstag, 12. SeptemberSamstag, 10. OktoberSamstag, 14. NovemberSamstag, 12. DezemberSamstag, 16. Januar 2027Samstag, 13. Februar 2027 Windr\u00f6sli LeitendenvesammlungFreitag, 27. M\u00e4rz 2026&hellip;&nbsp;<a href=\"https:\/\/windroesli.ch\/wordp\/?page_id=247\" class=\"more-link\">Weiter lesen<\/a><\/p>\n","protected":false},"author":3,"featured_media":0,"parent":0,"menu_order":0,"comment_status":"closed","ping_status":"closed","template":"","meta":{"footnotes":""},"class_list":["post-247","page","type-page","status-publish","hentry"],"_links":{"self":[{"href":"https:\/\/windroesli.ch\/wordp\/index.php?rest_route=\/wp\/v2\/pages\/247","targetHints":{"allow":["GET"]}}],"collection":[{"href":"https:\/\/windroesli.ch\/wordp\/index.php?rest_route=\/wp\/v2\/pages"}],"about":[{"href":"https:\/\/windroesli.ch\/wordp\/index.php?rest_route=\/wp\/v2\/types\/page"}],"author":[{"embeddable":true,"href":"https:\/\/windroesli.ch\/wordp\/index.php?rest_route=\/wp\/v2\/users\/3"}],"replies":[{"embeddable":true,"href":"https:\/\/windroesli.ch\/wordp\/index.php?rest_route=%2Fwp%2Fv2%2Fcomments&post=247"}],"version-history":[{"count":86,"href":"https:\/\/windroesli.ch\/wordp\/index.php?rest_route=\/wp\/v2\/pages\/247\/revisions"}],"predecessor-version":[{"id":1587,"href":"https:\/\/windroesli.ch\/wordp\/index.php?rest_route=\/wp\/v2\/pages\/247\/revisions\/1587"}],"wp:attachment":[{"href":"https:\/\/windroesli.ch\/wordp\/index.php?rest_route=%2Fwp%2Fv2%2Fmedia&parent=247"}],"curies":[{"name":"wp","href":"https:\/\/api.w.org\/{rel}","templated":true}]}}