{"id":36,"date":"2017-09-14T22:50:28","date_gmt":"2017-09-14T22:50:28","guid":{"rendered":"http:\/\/windroesli.ch\/wordp\/?page_id=36"},"modified":"2018-03-06T11:07:52","modified_gmt":"2018-03-06T10:07:52","slug":"pfadiheime","status":"publish","type":"page","link":"https:\/\/windroesli.ch\/wordp\/?page_id=36","title":{"rendered":"Pfadiheime"},"content":{"rendered":"<p><span lang=\"DE-CH\">Das Corps\u00a0Windr\u00f6sli und\u00a0seine Abteilungen besitzen\u00a0drei Pfadiheime, welche f\u00fcr Lager oder Anl\u00e4sse gemietet werden k\u00f6nnen. <\/span><\/p>\n<p><a href=\"http:\/\/www.pfadiheimrebacher.ch\/\"><img loading=\"lazy\" decoding=\"async\" class=\"alignleft wp-image-238 size-thumbnail\" src=\"http:\/\/windroesli.ch\/wordp\/wp-content\/uploads\/2018\/02\/rebacher-150x150.jpg\" alt=\"\" width=\"150\" height=\"150\" srcset=\"https:\/\/windroesli.ch\/wordp\/wp-content\/uploads\/2018\/02\/rebacher-150x150.jpg 150w, https:\/\/windroesli.ch\/wordp\/wp-content\/uploads\/2018\/02\/rebacher-100x100.jpg 100w\" sizes=\"auto, (max-width: 150px) 100vw, 150px\" \/><\/a><\/p>\n<p>&nbsp;<\/p>\n<p><a href=\"http:\/\/www.pfadiheimrebacher.ch\/\">Pfadiheim Rebacher<\/a><\/p>\n<p>&nbsp;<\/p>\n<p>&nbsp;<\/p>\n<p><a href=\"http:\/\/www.pfadifrisco.ch\/pfadiheim\/index.php\"><img loading=\"lazy\" decoding=\"async\" class=\"wp-image-227 size-thumbnail alignleft\" src=\"http:\/\/windroesli.ch\/wordp\/wp-content\/uploads\/2018\/02\/grauholz-150x150.jpg\" alt=\"\" width=\"150\" height=\"150\" srcset=\"https:\/\/windroesli.ch\/wordp\/wp-content\/uploads\/2018\/02\/grauholz-150x150.jpg 150w, https:\/\/windroesli.ch\/wordp\/wp-content\/uploads\/2018\/02\/grauholz-100x100.jpg 100w\" sizes=\"auto, (max-width: 150px) 100vw, 150px\" \/><\/a><\/p>\n<p>&nbsp;<\/p>\n<p><a href=\"http:\/\/www.pfadifrisco.ch\/pfadiheim\/index.php\">Pfadiheim Grauholz, Zollikofen<\/a><\/p>\n<p>&nbsp;<\/p>\n<p>&nbsp;<\/p>\n<p><a href=\"https:\/\/pfadi-schwarzenburg.ch\/index.php?id=pfadiheim\"><img loading=\"lazy\" decoding=\"async\" class=\"wp-image-225 size-thumbnail alignleft\" src=\"http:\/\/windroesli.ch\/wordp\/wp-content\/uploads\/2018\/02\/20140910_185546-150x150.jpg\" alt=\"\" width=\"150\" height=\"150\" srcset=\"https:\/\/windroesli.ch\/wordp\/wp-content\/uploads\/2018\/02\/20140910_185546-150x150.jpg 150w, https:\/\/windroesli.ch\/wordp\/wp-content\/uploads\/2018\/02\/20140910_185546-100x100.jpg 100w\" sizes=\"auto, (max-width: 150px) 100vw, 150px\" \/><\/a><\/p>\n<p>&nbsp;<\/p>\n<p><a href=\"https:\/\/pfadi-schwarzenburg.ch\/index.php?id=pfadiheim\">Pfadiheim Schwarzenburg<\/a><\/p>\n","protected":false},"excerpt":{"rendered":"<p>Das Corps\u00a0Windr\u00f6sli und\u00a0seine Abteilungen besitzen\u00a0drei Pfadiheime, welche f\u00fcr Lager oder Anl\u00e4sse gemietet werden k\u00f6nnen. &nbsp; Pfadiheim Rebacher &nbsp; &nbsp; &nbsp; Pfadiheim Grauholz, Zollikofen &nbsp; &nbsp; &nbsp; Pfadiheim Schwarzenburg<\/p>\n","protected":false},"author":3,"featured_media":0,"parent":0,"menu_order":0,"comment_status":"closed","ping_status":"closed","template":"","meta":{"footnotes":""},"class_list":["post-36","page","type-page","status-publish","hentry"],"_links":{"self":[{"href":"https:\/\/windroesli.ch\/wordp\/index.php?rest_route=\/wp\/v2\/pages\/36","targetHints":{"allow":["GET"]}}],"collection":[{"href":"https:\/\/windroesli.ch\/wordp\/index.php?rest_route=\/wp\/v2\/pages"}],"about":[{"href":"https:\/\/windroesli.ch\/wordp\/index.php?rest_route=\/wp\/v2\/types\/page"}],"author":[{"embeddable":true,"href":"https:\/\/windroesli.ch\/wordp\/index.php?rest_route=\/wp\/v2\/users\/3"}],"replies":[{"embeddable":true,"href":"https:\/\/windroesli.ch\/wordp\/index.php?rest_route=%2Fwp%2Fv2%2Fcomments&post=36"}],"version-history":[{"count":6,"href":"https:\/\/windroesli.ch\/wordp\/index.php?rest_route=\/wp\/v2\/pages\/36\/revisions"}],"predecessor-version":[{"id":662,"href":"https:\/\/windroesli.ch\/wordp\/index.php?rest_route=\/wp\/v2\/pages\/36\/revisions\/662"}],"wp:attachment":[{"href":"https:\/\/windroesli.ch\/wordp\/index.php?rest_route=%2Fwp%2Fv2%2Fmedia&parent=36"}],"curies":[{"name":"wp","href":"https:\/\/api.w.org\/{rel}","templated":true}]}}